{"id":1190,"date":"2025-12-29T11:12:18","date_gmt":"2025-12-29T11:12:18","guid":{"rendered":"https:\/\/kuzgunlab.com\/?page_id=1190"},"modified":"2026-04-06T18:17:11","modified_gmt":"2026-04-06T18:17:11","slug":"yapay-zeka-uygulamalari","status":"publish","type":"page","link":"https:\/\/kuzgunlab.com\/?page_id=1190","title":{"rendered":"Yapay Zeka Uygulamalar\u0131"},"content":{"rendered":"<div class=\"brz brz-root__container brz-reset-all brz-root__container-page\">\n<section id=\"f5OVTb9miJ8U_f5OVTb9miJ8U\" class=\"brz-section brz-css-d-section brz-css-13fkfzz\">\n<div class=\"brz-section__content brz-section--boxed brz-css-d-sectionitem-bg brz-css-19fprew\" data-brz-custom-id=\"l4GGZQRxSNwi\">\n<div class=\"brz-bg\">\n<div class=\"brz-bg-image\"><\/div>\n<div class=\"brz-bg-color\"><\/div>\n<\/div>\n<div class=\"brz-container brz-css-d-sectionitem-container brz-css-1f0xpz9\">\n<div class=\"brz-row__container brz-css-d-row-row brz-css-y4w5w1\" data-brz-custom-id=\"gVGWRGvWKcVt\">\n<div class=\"brz-row brz-css-d-row-container brz-css-r-row-container brz-css-1ksf924\">\n<div class=\"brz-columns brz-css-d-column-column brz-css-crdeix\" data-brz-custom-id=\"yaeQYlgUdFMa\">\n<div class=\"brz-column__items brz-css-d-column-bg brz-css-r0o8hz\">\n<div id=\"\" class=\"brz-css-d-wrapper brz-css-1kbe4wg brz-wrapper\">\n<div class=\"brz-image brz-css-d-image-tvxw5by6sbg4-parent brz-css-tckzrf\" data-brz-custom-id=\"tVXW5by6sBg4\"><a class=\"brz-a\" target=\"_self\" rel=\"noopener\" href=\"https:\/\/kuzgunlab.com\/\" data-brz-link-type=\"page\"><img decoding=\"async\" class=\"brz-img\" src=\"https:\/\/kuzgunlab.com\/wp-content\/uploads\/2025\/12\/seffaf11-1.png\" loading=\"lazy\" title=\"\"><\/a><\/div>\n<\/div>\n<\/div>\n<\/div>\n<div class=\"brz-columns brz-css-d-column-column brz-css-1ktahr4\" data-brz-custom-id=\"dUfvk1fqY4pn\">\n<div class=\"brz-column__items brz-css-d-column-bg brz-css-dwxvpj\">\n<div id=\"\" data-brz-iteration-count=\"1\" class=\"brz-css-d-wrapper brz-css-yjlgki brz-wrapper brz-animated brz-css-d-wrapper-animation-fadein-1000-0-false brz-css-ytgnlw\" data-animationid=\"mOGnbPK2J1oo\">\n<div class=\"brz-rich-text brz-rich-text__custom brz-css-d-richtext brz-css-cu9v99\" data-brz-custom-id=\"lLyvLkwjmPSI\">\n<div data-brz-translate-text=\"1\">\n<p class=\"brz-ft-google brz-fs-lg-25 brz-fss-lg-px brz-fw-lg-700 brz-ls-lg-m_1_5 brz-lh-lg-1_3 brz-vfw-lg-400 brz-fwdth-lg-100 brz-fsft-lg-0 brz-tp-lg-empty brz-ff-nunito brz-mt-lg-100 brz-mb-lg-0 brz-text-lg-center brz-tp-xs-empty brz-fs-xs-21 brz-fss-xs-px brz-fw-xs-700 brz-ls-xs-m_1_5 brz-lh-xs-1_3 brz-vfw-xs-400 brz-fwdth-xs-100 brz-fsft-xs-0 brz-css-iyYcc\" data-uniq-id=\"kRF05\" data-generated-css=\"brz-css-b2GZz\"><span class=\" brz-span\">YAPAY ZEKA UYGULAMALARI<\/span><\/p>\n<p class=\"brz-mb-lg-10 brz-mt-lg-10 brz-ft-google brz-fs-lg-25 brz-fss-lg-px brz-fw-lg-700 brz-ls-lg-m_1_5 brz-lh-lg-1_3 brz-vfw-lg-400 brz-fwdth-lg-100 brz-fsft-lg-0 brz-tp-lg-empty brz-ff-nunito brz-css-mGuWg\" data-uniq-id=\"eBgLr\" data-generated-css=\"brz-css-uz_F_\"><\/p>\n<\/div>\n<\/div>\n<\/div>\n<div id=\"\" class=\"brz-css-d-wrapper brz-css-cyb5p9 brz-wrapper\">\n<div class=\"brz-menu-simple brz-css-d-wpnavigation brz-css-nywasw\">\n<div style=\"min-height:20px\">\n<div class=\"menu-ust-menu-container\">\n<ul id=\"menu-ust-menu\" class=\"menu\">\n<li id=\"menu-item-905\" class=\"menu-item menu-item-type-post_type menu-item-object-page menu-item-home menu-item-905\"><a href=\"https:\/\/kuzgunlab.com\/\" class=\"menu-link\">Anasayfa<\/a><\/li>\n<li id=\"menu-item-1024\" class=\"menu-item menu-item-type-post_type menu-item-object-page menu-item-has-children menu-item-1024\"><a aria-expanded=\"false\" href=\"https:\/\/kuzgunlab.com\/?page_id=1019\" class=\"menu-link\">Hizmetlerimiz<span role=\"application\" class=\"dropdown-menu-toggle ast-header-navigation-arrow\" aria-expanded=\"false\" aria-label=\"Menu d\u00fc\u011fmesi\"><\/span><\/a>\n<ul class=\"sub-menu\">\n<li id=\"menu-item-1034\" class=\"menu-item menu-item-type-post_type menu-item-object-page menu-item-1034\"><a href=\"https:\/\/kuzgunlab.com\/?page_id=1030\" class=\"menu-link\">End\u00fcstriyel Teknolojiler<\/a><\/li>\n<li id=\"menu-item-1153\" class=\"menu-item menu-item-type-post_type menu-item-object-page menu-item-1153\"><a href=\"https:\/\/kuzgunlab.com\/?page_id=1152\" class=\"menu-link\">Havac\u0131l\u0131k ve Savunma Teknolojileri<\/a><\/li>\n<li id=\"menu-item-1191\" class=\"menu-item menu-item-type-post_type menu-item-object-page menu-item-1191\"><a href=\"https:\/\/kuzgunlab.com\/?page_id=1190\" class=\"menu-link\">Yapay Zeka Uygulamalar\u0131<\/a><\/li>\n<li id=\"menu-item-1184\" class=\"menu-item menu-item-type-post_type menu-item-object-page menu-item-1184\"><a href=\"https:\/\/kuzgunlab.com\/?page_id=1183\" class=\"menu-link\">Teknik Servis ve Dan\u0131\u015fmanl\u0131k<\/a><\/li>\n<\/ul>\n<\/li>\n<li id=\"menu-item-221\" class=\"menu-item menu-item-type-post_type menu-item-object-page menu-item-221\"><a href=\"https:\/\/kuzgunlab.com\/?page_id=217\" class=\"menu-link\">\u0130leti\u015fim<\/a><\/li>\n<\/ul>\n<\/div>\n<\/div>\n<\/div>\n<\/div>\n<\/div>\n<\/div>\n<\/div>\n<\/div>\n<\/div>\n<\/div>\n<\/section>\n<section id=\"s_kISP_h_3qz_s_kISP_h_3qz\" class=\"brz-section brz-css-d-section brz-css-qetq9y\">\n<div class=\"brz-section__content brz-section--boxed brz-css-d-sectionitem-bg brz-css-1afztgk\" data-brz-custom-id=\"tV4O6Yg2eCTh\">\n<div class=\"brz-bg\">\n<div class=\"brz-bg-color\"><\/div>\n<\/div>\n<div class=\"brz-container brz-css-d-sectionitem-container brz-css-1mfhxhm\">\n<div id=\"\" class=\"brz-css-d-wrapper brz-css-r-wrapper brz-css-16tmzy6 brz-wrapper\">\n<div class=\"brz-spacer brz-css-d-spacer brz-css-1om5gqm\"><\/div>\n<\/div>\n<div class=\"brz-row__container brz-css-d-row-row brz-css-1osdbd5\" data-brz-custom-id=\"sxaViPpLNwAj\">\n<div class=\"brz-row brz-css-d-row-container brz-css-1mdxjjv\">\n<div class=\"brz-columns brz-css-d-column-column brz-css-1d0u8ay\" data-brz-custom-id=\"ky57GWOOwK3s\">\n<div class=\"brz-column__items brz-css-d-column-bg brz-css-mkce15\">\n<div id=\"\" class=\"brz-css-d-wrapper brz-css-17l41mp brz-wrapper\">\n<div class=\"brz-rich-text brz-rich-text__custom brz-css-d-richtext brz-css-4zd1hb\" data-brz-custom-id=\"vXycSEwBmVfT\">\n<div data-brz-translate-text=\"1\">\n<h3 class=\"brz-tp-lg-heading3 brz-css-nckbz\" data-generated-css=\"brz-css-w1sbL\" data-uniq-id=\"nR0E7\"><span class=\"brz-cp-color7\">Yapay Zeka Uygulamalar\u0131<\/span><\/h3>\n<p class=\"brz-tp-lg-paragraph brz-css-dooRq\" data-generated-css=\"brz-css-hM9Vt\" data-uniq-id=\"eazk7\"><span class=\"brz-cp-color7\"> <\/span><strong class=\"brz-cp-color7\">kuzgunLab<\/strong><span class=\"brz-cp-color7\">, yapay zekay\u0131 yaln\u0131zca bir yaz\u0131l\u0131m arac\u0131 olarak de\u011fil, <\/span><strong class=\"brz-cp-color7\">karma\u015f\u0131k problemlere \u00e7\u00f6z\u00fcm \u00fcreten bir m\u00fchendislik bile\u015feni<\/strong><span class=\"brz-cp-color7\"> olarak ele al\u0131r. End\u00fcstriyel ve teknik sistemlerde karar alma s\u00fcre\u00e7lerini iyile\u015ftiren, verimlili\u011fi art\u0131ran ve operasyonel riskleri azaltan \u00e7\u00f6z\u00fcmler geli\u015ftirir.<\/span><\/p>\n<p class=\"brz-tp-lg-paragraph brz-css-qnM3Y\" data-generated-css=\"brz-css-b7Khc\" data-uniq-id=\"a14WC\"><span class=\"brz-cp-color7\"> <\/span><\/p>\n<h3 class=\"brz-tp-lg-heading3 brz-css-jxEQQ\" data-generated-css=\"brz-css-gjvGX\" data-uniq-id=\"sVM4v\"><span class=\"brz-cp-color7\">Ak\u0131ll\u0131 Sistemler ve Veri Analizi<\/span><\/h3>\n<p class=\"brz-tp-lg-paragraph brz-css-dfwad\" data-generated-css=\"brz-css-tOAEO\" data-uniq-id=\"uE7tY\"><span class=\"brz-cp-color7\">Sens\u00f6r, makine ve sistemlerden elde edilen veriler; yapay zeka algoritmalar\u0131yla analiz edilerek <\/span><strong class=\"brz-cp-color7\">anlaml\u0131 \u00e7\u0131kt\u0131lara<\/strong><span class=\"brz-cp-color7\"> d\u00f6n\u00fc\u015ft\u00fcr\u00fcl\u00fcr. Ama\u00e7, s\u00fcre\u00e7leri daha \u00f6ng\u00f6r\u00fclebilir ve kontrol edilebilir hale getirmektir.<\/span><\/p>\n<p class=\"brz-tp-lg-paragraph brz-css-v_eW3\" data-generated-css=\"brz-css-niI_x\" data-uniq-id=\"wptat\"><span class=\"brz-cp-color7\"> <\/span><\/p>\n<h3 class=\"brz-tp-lg-heading3 brz-css-uH2HY\" data-generated-css=\"brz-css-obqGC\" data-uniq-id=\"fNBnm\"><span class=\"brz-cp-color7\">G\u00f6r\u00fcnt\u00fc \u0130\u015fleme ve Alg\u0131lama<\/span><\/h3>\n<p class=\"brz-tp-lg-paragraph brz-css-wZgfT\" data-generated-css=\"brz-css-syieq\" data-uniq-id=\"tFC6q\"><span class=\"brz-cp-color7\">G\u00f6r\u00fcnt\u00fc i\u015fleme tabanl\u0131 yapay zeka uygulamalar\u0131 ile <\/span><strong class=\"brz-cp-color7\">tespit, s\u0131n\u0131fland\u0131rma ve kalite kontrol<\/strong><span class=\"brz-cp-color7\"> gibi alanlarda y\u00fcksek do\u011fruluklu \u00e7\u00f6z\u00fcmler sunulur. Sistemler, ger\u00e7ek zamanl\u0131 \u00e7al\u0131\u015facak \u015fekilde optimize edilir.<\/span><\/p>\n<p class=\"brz-tp-lg-paragraph brz-css-sz2Mh\" data-generated-css=\"brz-css-gQ_nO\" data-uniq-id=\"rWJ9t\"><span class=\"brz-cp-color7\"> <\/span><\/p>\n<h3 class=\"brz-tp-lg-heading3 brz-css-x9Clz\" data-generated-css=\"brz-css-aBtJB\" data-uniq-id=\"zYPNi\"><span class=\"brz-cp-color7\">\u00d6zel Algoritma ve Model Geli\u015ftirme<\/span><\/h3>\n<p class=\"brz-tp-lg-paragraph brz-css-vzWpf\" data-generated-css=\"brz-css-pXvGS\" data-uniq-id=\"rBiPN\"><span class=\"brz-cp-color7\">Her uygulama i\u00e7in <\/span><strong class=\"brz-cp-color7\">projeye \u00f6zel yapay zeka modelleri<\/strong><span class=\"brz-cp-color7\"> geli\u015ftirilir. Haz\u0131r \u00e7\u00f6z\u00fcmler yerine, ihtiyaca uygun ve s\u00fcrd\u00fcr\u00fclebilir algoritmalar tercih edilir.<\/span><\/p>\n<p class=\"brz-tp-lg-paragraph brz-css-fLPmk\" data-generated-css=\"brz-css-coKR2\" data-uniq-id=\"hU7SF\"><span class=\"brz-cp-color7\"> <\/span><\/p>\n<h3 class=\"brz-tp-lg-heading3 brz-css-qDy2G\" data-generated-css=\"brz-css-oAbVf\" data-uniq-id=\"lXod4\"><\/h3>\n<\/div>\n<\/div>\n<\/div>\n<\/div>\n<\/div>\n<div class=\"brz-columns brz-css-d-column-column brz-css-1vrav33\" data-brz-custom-id=\"tOHZFO0a4Oti\">\n<div class=\"brz-column__items brz-css-d-column-bg brz-css-1lheqd8\">\n<div id=\"\" class=\"brz-css-d-wrapper brz-css-14x6r7p brz-wrapper\">\n<div class=\"brz-image brz-css-d-image-yzchtgwfuhld-parent brz-css-87xbxn\" data-brz-custom-id=\"yZCHtgWfuhlD\"><img decoding=\"async\" class=\"brz-img\" src=\"https:\/\/kuzgunlab.com\/wp-content\/uploads\/2025\/12\/ChatGPT-Image-29-Ara-2025-14_33_01.png\" loading=\"lazy\" title=\"\"><\/div>\n<\/div>\n<div id=\"\" class=\"brz-css-d-wrapper brz-css-1868cba brz-wrapper\">\n<div class=\"brz-rich-text brz-rich-text__custom brz-css-d-richtext brz-css-155i0rv\" data-brz-custom-id=\"pt6gbDPQrPHR\">\n<div data-brz-translate-text=\"1\">\n<h3 class=\"brz-tp-lg-heading3 brz-text-lg-justify brz-css-yyV2z\" data-generated-css=\"brz-css-yNVkp\" data-uniq-id=\"s4T7d\"><strong class=\"brz-cp-color7\"> <\/strong><\/h3>\n<h3 class=\"brz-tp-lg-heading3 brz-text-lg-justify brz-css-v5s0r\" data-generated-css=\"brz-css-o1YcC\" data-uniq-id=\"uzHBo\"><strong class=\"brz-cp-color7\">G\u00fcvenilir ve Entegre Yakla\u015f\u0131m<\/strong><\/h3>\n<p class=\"brz-tp-lg-paragraph brz-text-lg-justify brz-css-vMuvE\" data-generated-css=\"brz-css-t8RpV\" data-uniq-id=\"bm1pQ\"><span class=\"brz-cp-color7\">Geli\u015ftirilen yapay zeka \u00e7\u00f6z\u00fcmleri; mevcut donan\u0131m, yaz\u0131l\u0131m ve kontrol sistemleriyle <\/span><strong class=\"brz-cp-color7\">uyumlu \u015fekilde entegre edilir<\/strong><span class=\"brz-cp-color7\">. Kararl\u0131l\u0131k, veri g\u00fcvenli\u011fi ve uzun vadeli performans temel \u00f6nceliklerdir.<\/span><\/p>\n<p class=\"brz-tp-lg-paragraph brz-text-lg-justify brz-css-anGWX\" data-generated-css=\"brz-css-zzjGv\" data-uniq-id=\"yraUd\"><strong class=\"brz-cp-color7\">kuzgunLab<\/strong><span class=\"brz-cp-color7\">, yapay zekay\u0131 sahada \u00e7al\u0131\u015fan, \u00f6l\u00e7\u00fclebilir ve ger\u00e7ek fayda \u00fcreten \u00e7\u00f6z\u00fcmlere d\u00f6n\u00fc\u015ft\u00fcr\u00fcr.<\/span><\/p>\n<p class=\"brz-tp-lg-paragraph brz-text-lg-justify brz-css-wQ2i1\" data-generated-css=\"brz-css-xfW2Y\" data-uniq-id=\"rcjmb\"><span class=\"brz-cp-color7\"> <\/span><\/p>\n<p class=\"brz-tp-lg-paragraph brz-text-lg-justify brz-css-bx8qa\" data-generated-css=\"brz-css-xzUdx\" data-uniq-id=\"epsCr\"><span class=\"brz-cp-color7\"> <\/span><\/p>\n<p class=\"brz-tp-lg-paragraph brz-text-lg-justify brz-css-eDn_R\" data-generated-css=\"brz-css-c6nbu\" data-uniq-id=\"u0mL5\"><span class=\"brz-cp-color7\"> <\/span><\/p>\n<\/div>\n<\/div>\n<\/div>\n<\/div>\n<\/div>\n<\/div>\n<\/div>\n<\/div>\n<\/div>\n<\/section>\n<section id=\"mjvS9N8OBFLa_mjvS9N8OBFLa\" class=\"brz-section brz-css-d-section brz-css-1oxekv8\">\n<div class=\"brz-section__content brz-section--boxed brz-css-d-sectionitem-bg brz-css-j4d1f0\" data-brz-custom-id=\"cSO4StJGoQZ5\">\n<div class=\"brz-bg\">\n<div class=\"brz-bg-color\"><\/div>\n<\/div>\n<div class=\"brz-container brz-css-d-sectionitem-container brz-css-1sci5bv\">\n<div class=\"brz-wrapper-clone brz-flex-xs-wrap brz-css-d-cloneable brz-css-1v9r4t4\" data-brz-custom-id=\"uCwE3qTEc3P8\"><a class=\"brz-a brz-btn brz-css-d-button brz-css-1n1uv5y brz-css-d-button-bg brz-css-jh9to\" target=\"_self\" rel=\"noopener\" href=\"https:\/\/kuzgunlab.com\/?page_id=217\" data-brz-link-type=\"page\" data-brz-custom-id=\"qfqGW07IT1fH\"><span data-brz-translate-text=\"1\" class=\"brz-span brz-text__editor\">Daha Fazla Bilgi \u0130\u00e7in Bize Ula\u015f\u0131n<\/span><\/a><\/div>\n<div id=\"\" class=\"brz-css-d-wrapper brz-css-r-wrapper brz-css-1jslzze brz-wrapper\">\n<div class=\"brz-spacer brz-css-d-spacer brz-css-n87bly\"><\/div>\n<\/div>\n<\/div>\n<\/div>\n<\/section>\n<section id=\"rsvp\" data-brz-id=\"p_tdbfBiuGM0_p_tdbfBiuGM0\" class=\"brz-section brz-css-d-section brz-css-3es8dn\">\n<div class=\"brz-section__content brz-section--boxed brz-css-d-sectionitem-bg brz-css-11h2jjp\" data-brz-custom-id=\"aGrurKb8u3hL\">\n<div class=\"brz-bg\">\n<div class=\"brz-bg-image\"><\/div>\n<div class=\"brz-bg-color\"><\/div>\n<\/div>\n<div class=\"brz-container brz-css-d-sectionitem-container brz-css-1nz5xpm\">\n<div id=\"\" class=\"brz-css-d-wrapper brz-css-1ripxxk brz-wrapper\">\n<div class=\"brz-rich-text brz-rich-text__custom brz-css-d-richtext brz-css-1o8q6vz\" data-brz-custom-id=\"jQ_CqJMboIod\">\n<div data-brz-translate-text=\"1\">\n<p class=\"brz-tp-xs-heading4 brz-text-lg-center brz-tp-lg-heading2 brz-css-sFR1Q\" data-generated-css=\"brz-css-cXwDQ\" data-uniq-id=\"jrPFh\"><span class=\"brz-cp-color8\">Herkes i\u00e7in Fotonik<\/span><\/p>\n<\/div>\n<\/div>\n<\/div>\n<div id=\"\" class=\"brz-css-d-wrapper brz-css-r-wrapper brz-css-96ap7p brz-wrapper\">\n<div class=\"brz-spacer brz-css-d-spacer brz-css-1r0ij74\"><\/div>\n<\/div>\n<div id=\"\" class=\"brz-css-d-wrapper brz-css-17pdmel brz-wrapper\">\n<div class=\"brz-rich-text brz-rich-text__custom brz-css-d-richtext brz-css-h0unmd\" data-brz-custom-id=\"qvj6XCirlQCi\">\n<div data-brz-translate-text=\"1\">\n<p class=\"brz-text-lg-center brz-tp-lg-paragraph brz-css-q33DC\" data-uniq-id=\"piKPP\" data-generated-css=\"brz-css-zQuiy\"><span class=\"brz-cp-color8\">Karma\u015f\u0131k fotonik \u00e7\u00f6z\u00fcmlerini herkes i\u00e7in eri\u015filebilir, anla\u015f\u0131l\u0131r ve uygulanabilir hale getirerek gelece\u011fin teknolojilerine y\u00f6n vermeyi hedefliyoruz.<\/span><\/p>\n<\/div>\n<\/div>\n<\/div>\n<div id=\"\" class=\"brz-css-d-wrapper brz-css-r-wrapper brz-css-1radlt5 brz-wrapper\">\n<div class=\"brz-spacer brz-css-d-spacer brz-css-1vlvtd9\"><\/div>\n<\/div>\n<div class=\"brz-wrapper-clone brz-flex-xs-wrap brz-css-d-cloneable brz-css-118z1lz\" data-brz-custom-id=\"kOYqc08s6JhC\"><a class=\"brz-a brz-btn brz-css-d-button brz-css-1eeyjeh brz-css-d-button-bg brz-css-18ou82p\" target=\"_self\" rel=\"noopener\" href=\"https:\/\/kuzgunlab.com\/?page_id=217\" data-brz-link-type=\"page\" data-brz-custom-id=\"aQpdVIwPAS8V\"><span data-brz-translate-text=\"1\" class=\"brz-span brz-text__editor\">Bizimle \u0130leti\u015fime Ge\u00e7in<\/span><\/a><\/div>\n<\/div>\n<\/div>\n<\/section>\n<section id=\"iUaO8WKHWBhs_iUaO8WKHWBhs\" class=\"brz-section brz-css-d-section brz-css-p21cdd\">\n<div class=\"brz-section__content brz-section--boxed brz-css-d-sectionitem-bg brz-css-q0duqn\" data-brz-custom-id=\"wIT48Jilr6mM\">\n<div class=\"brz-bg\">\n<div class=\"brz-bg-color\"><\/div>\n<\/div>\n<div class=\"brz-container brz-css-d-sectionitem-container brz-css-1bj7cfj\">\n<div class=\"brz-row__container brz-css-d-row-row brz-css-gvbb70\" data-brz-custom-id=\"oDlSCgfISUeU\">\n<div class=\"brz-row brz-css-d-row-container brz-css-r-row-container brz-css-1i928ea\">\n<div class=\"brz-columns brz-css-d-column-column brz-css-120ke2k\" data-brz-custom-id=\"bXqpwyoPKDIO\">\n<div class=\"brz-column__items brz-css-d-column-bg brz-css-1jpwp6t\">\n<div id=\"\" class=\"brz-css-d-wrapper brz-css-2t9zsb brz-wrapper\">\n<div class=\"brz-rich-text brz-rich-text__custom brz-css-d-richtext brz-css-1f1tdf2\" data-brz-custom-id=\"orxFOtVBcR7a\">\n<div data-brz-translate-text=\"1\">\n<p class=\"brz-tp-lg-paragraph brz-tp-sm-paragraph brz-text-lg-left brz-text-xs-center brz-tp-xs-paragraph brz-css-k545M\" data-generated-css=\"brz-css-niTpv\" data-uniq-id=\"tBLdY\"><span class=\"brz-cp-color8\" style=\"opacity: 0.7\">All rights reserved \u00a9 2025 by kuzgunlab.<\/span><\/p>\n<\/div>\n<\/div>\n<\/div>\n<\/div>\n<\/div>\n<div class=\"brz-columns brz-css-d-column-column brz-css-84v1qy\" data-brz-custom-id=\"uQ01pWTVVkP7\">\n<div class=\"brz-column__items brz-css-d-column-bg brz-css-rx4xsf\">\n<div class=\"brz-wrapper-clone brz-flex-xs-wrap brz-css-d-cloneable brz-css-bdqdho\" data-brz-custom-id=\"scFMyq4nPRkx\">\n<div class=\"brz-icon__container\" data-brz-custom-id=\"oqefBO9LCk2b\"><a class=\"brz-a\" target=\"_self\" rel=\"noopener\" href=\"https:\/\/www.linkedin.com\/company\/kuzgunlab\" data-brz-link-type=\"external\"><span class=\"brz-icon brz-span brz-css-d-icon-icon brz-css-12bfrwb\"><\/span><\/a><\/div>\n<div class=\"brz-icon__container\" data-brz-custom-id=\"n1Z6h1fCH7Ph\"><span class=\"brz-icon brz-span brz-css-d-icon-icon brz-css-a5fl9f\"><\/span><\/div>\n<div class=\"brz-icon__container\" data-brz-custom-id=\"vf4j8R_36NfI\"><span class=\"brz-icon brz-span brz-css-d-icon-icon brz-css-uthhsu\"><\/span><\/div>\n<div class=\"brz-icon__container\" data-brz-custom-id=\"l5Io4P0IvnOe\"><span class=\"brz-icon brz-span brz-css-d-icon-icon brz-css-9z374a\"><\/span><\/div>\n<\/div>\n<\/div>\n<\/div>\n<\/div>\n<\/div>\n<\/div>\n<\/div>\n<\/section><\/div>\n<p><!-- version:1767107339 --><\/p>\n","protected":false},"excerpt":{"rendered":"<p>YAPAY ZEKA UYGULAMALARI Anasayfa Hizmetlerimiz End\u00fcstriyel Teknolojiler Havac\u0131l\u0131k ve Savunma Teknolojileri Yapay Zeka Uygulamalar\u0131 Teknik Servis ve Dan\u0131\u015fmanl\u0131k \u0130leti\u015fim Yapay [&hellip;]<\/p>\n","protected":false},"author":1,"featured_media":0,"parent":0,"menu_order":0,"comment_status":"closed","ping_status":"closed","template":"brizy-blank-template.php","meta":{"site-sidebar-layout":"default","site-content-layout":"","ast-site-content-layout":"default","site-content-style":"default","site-sidebar-style":"default","ast-global-header-display":"","ast-banner-title-visibility":"","ast-main-header-display":"","ast-hfb-above-header-display":"","ast-hfb-below-header-display":"","ast-hfb-mobile-header-display":"","site-post-title":"","ast-breadcrumbs-content":"","ast-featured-img":"","footer-sml-layout":"","theme-transparent-header-meta":"","adv-header-id-meta":"","stick-header-meta":"","header-above-stick-meta":"","header-main-stick-meta":"","header-below-stick-meta":"","astra-migrate-meta-layouts":"default","ast-page-background-enabled":"default","ast-page-background-meta":{"desktop":{"background-color":"var(--ast-global-color-5)","background-image":"","background-repeat":"repeat","background-position":"center center","background-size":"auto","background-attachment":"scroll","background-type":"","background-media":"","overlay-type":"","overlay-color":"","overlay-opacity":"","overlay-gradient":""},"tablet":{"background-color":"","background-image":"","background-repeat":"repeat","background-position":"center center","background-size":"auto","background-attachment":"scroll","background-type":"","background-media":"","overlay-type":"","overlay-color":"","overlay-opacity":"","overlay-gradient":""},"mobile":{"background-color":"","background-image":"","background-repeat":"repeat","background-position":"center center","background-size":"auto","background-attachment":"scroll","background-type":"","background-media":"","overlay-type":"","overlay-color":"","overlay-opacity":"","overlay-gradient":""}},"ast-content-background-meta":{"desktop":{"background-color":"var(--ast-global-color-4)","background-image":"","background-repeat":"repeat","background-position":"center center","background-size":"auto","background-attachment":"scroll","background-type":"","background-media":"","overlay-type":"","overlay-color":"","overlay-opacity":"","overlay-gradient":""},"tablet":{"background-color":"var(--ast-global-color-4)","background-image":"","background-repeat":"repeat","background-position":"center center","background-size":"auto","background-attachment":"scroll","background-type":"","background-media":"","overlay-type":"","overlay-color":"","overlay-opacity":"","overlay-gradient":""},"mobile":{"background-color":"var(--ast-global-color-4)","background-image":"","background-repeat":"repeat","background-position":"center center","background-size":"auto","background-attachment":"scroll","background-type":"","background-media":"","overlay-type":"","overlay-color":"","overlay-opacity":"","overlay-gradient":""}},"footnotes":""},"class_list":["post-1190","page","type-page","status-publish","hentry"],"brizy_media":[{"id":1202,"url":"https:\/\/kuzgunlab.com\/wp-content\/uploads\/2025\/12\/ChatGPT-Image-29-Ara-2025-14_33_01.png","name":"ChatGPT-Image-29-Ara-2025-14_33_01.png","meta":{"brizy_attachment_uid":"wp-141651dbbb19a1e898d9e957f9320d16.png","brizy_post_uid":["c67b31967a37755485d78346d634c070"]}}],"_links":{"self":[{"href":"https:\/\/kuzgunlab.com\/index.php?rest_route=\/wp\/v2\/pages\/1190","targetHints":{"allow":["GET"]}}],"collection":[{"href":"https:\/\/kuzgunlab.com\/index.php?rest_route=\/wp\/v2\/pages"}],"about":[{"href":"https:\/\/kuzgunlab.com\/index.php?rest_route=\/wp\/v2\/types\/page"}],"author":[{"embeddable":true,"href":"https:\/\/kuzgunlab.com\/index.php?rest_route=\/wp\/v2\/users\/1"}],"replies":[{"embeddable":true,"href":"https:\/\/kuzgunlab.com\/index.php?rest_route=%2Fwp%2Fv2%2Fcomments&post=1190"}],"version-history":[{"count":5,"href":"https:\/\/kuzgunlab.com\/index.php?rest_route=\/wp\/v2\/pages\/1190\/revisions"}],"predecessor-version":[{"id":1394,"href":"https:\/\/kuzgunlab.com\/index.php?rest_route=\/wp\/v2\/pages\/1190\/revisions\/1394"}],"wp:attachment":[{"href":"https:\/\/kuzgunlab.com\/index.php?rest_route=%2Fwp%2Fv2%2Fmedia&parent=1190"}],"curies":[{"name":"wp","href":"https:\/\/api.w.org\/{rel}","templated":true}]}}